the prime factors of 578248?
2, 11, 6571
List the prime factors of 611611.
7, 11, 13, 47
List the prime factors of 371561.
371561
List the prime factors of 1824907.
7, 37243
What are the prime factors of 3700776?
2, 3, 271, 569
What are the prime factors of 3213169?
23, 139703
List the prime factors of 1605138.
2, 3, 267523
What are the prime factors of 4926587?
37, 47, 2833
List the prime factors of 142444.
2, 149, 239
What are the prime factors of 458928?
2, 3, 3187
List the prime factors of 1684182.
2, 3, 280697
What are the prime factors of 12319706?
2, 7, 879979
What are the prime factors of 1770365?
5, 354073
What are the prime factors of 5138242?
2, 43, 59747
What are the prime factors of 1782081?
3, 7, 449
List the prime factors of 1129499.
7, 37, 89
List the prime factors of 2993227.
2993227
What are the prime factors of 170826?
2, 3, 71, 401
What are the prime factors of 66228?
2, 3, 5519
What are the prime factors of 459844?
2, 7, 11, 1493
List the prime factors of 7236854.
2, 571, 6337
What are the prime factors of 3239419?
3239419
What are the prime factors of 31668384?
2, 3, 11, 29989
What are the prime factors of 883370?
2, 5, 88337
What are the prime factors of 3943723?
7, 47, 11987
List the prime factors of 529024.
2, 4133
What are the prime factors of 9272729?
397, 23357
List the prime factors of 31720141.
857, 37013
What are the prime factors of 120927?
3, 173, 233
List the prime factors of 381463.
17, 19, 1181
What are the prime factors of 405790?
2, 5, 7, 11, 17, 31
List the prime factors of 927114.
2, 3, 191, 809
List the prime factors of 30373.
7, 4339
List the prime factors of 4179049.
7, 61, 9787
List the prime factors of 3369287.
3369287
What are the prime factors of 5567140?
2, 5, 173, 1609
What are the prime factors of 113373?
3, 13, 17, 19
What are the prime factors of 314766?
2, 3, 29, 67
What are the prime factors of 4120681?
17, 242393
What are the prime factors of 17340935?
5, 17, 31, 6581
List the prime factors of 1969.
11, 179
List the prime factors of 6473590.
2, 5, 647359
What are the prime factors of 549560?
2, 5, 11, 1249
What are the prime factors of 16812490?
2, 5, 17, 98897
What are the prime factors of 63100?
2, 5, 631
List the prime factors of 4003750.
2, 5, 3203
List the prime factors of 2855450.
2, 5, 13, 23, 191
What are the prime factors of 36978098?
2, 2243, 8243
List the prime factors of 3108739.
17, 182867
What are the prime factors of 8144384?
2, 15907
What are the prime factors of 4672756?
2, 11, 17, 6247
List the prime factors of 60316.
2, 17, 887
What are the prime factors of 9890742?
2, 3, 167, 9871
List the prime factors of 16130661.
3, 877, 6131
What are the prime factors of 216400?
2, 5, 541
What are the prime factors of 6224420?
2, 5, 139, 2239
What are the prime factors of 79703?
13, 6131
List the prime factors of 99097.
41, 2417
List the prime factors of 78283.
78283
List the prime factors of 6335219.
11, 269, 2141
What are the prime factors of 235672?
2, 89, 331
What are the prime factors of 5293591?
31, 170761
What are the prime factors of 4499473?
11, 409043
What are the prime factors of 1868584?
2, 131, 1783
List the prime factors of 3971748.
2, 3, 11, 30089
What are the prime factors of 43015171?
53, 811607
What are the prime factors of 501376?
2, 3917
What are the prime factors of 17221?
17, 1013
What are the prime factors of 15284334?
2, 3, 13, 29, 233
List the prime factors of 254121.
3, 7, 12101
List the prime factors of 7378882.
2, 7, 527063
List the prime factors of 464213.
464213
List the prime factors of 1848119.
7, 13, 23, 883
What are the prime factors of 1090900?
2, 5, 10909
List the prime factors of 17673547.
17673547
What are the prime factors of 3006148?
2, 353, 2129
List the prime factors of 155636.
2, 13, 41, 73
What are the prime factors of 3804753?
3, 17, 61, 1223
What are the prime factors of 653445?
3, 5, 13, 1117
What are the prime factors of 645397?
645397
What are the prime factors of 13161513?
3, 4387171
What are the prime factors of 147108?
2, 3, 13, 23, 41
List the prime factors of 285059.
197, 1447
What are the prime factors of 3345678?
2, 3, 7, 53, 167
List the prime factors of 132978.
2, 3, 37, 599
What are the prime factors of 3229406?
2, 41, 39383
What are the prime factors of 613911?
3, 43, 4759
List the prime factors of 13472904.
2, 3, 227, 2473
List the prime factors of 2894205.
3, 5, 23, 8389
List the prime factors of 7286244.
2, 3, 7, 127, 683
List the prime factors of 18099657.
3, 2011073
What are the prime factors of 172788?
2, 3, 7, 11, 17
What are the prime factors of 3206405?
5, 41, 15641
What are the prime factors of 30340?
2, 5, 37, 41
What are the prime factors of 8022271?
1549, 5179
What are the prime factors of 30095?
5, 13, 463
What are the prime factors of 526411?
31, 16981
What are the prime factors of 1024381?
863, 1187
What are the prime factors of 9113883?
3, 149, 20389
What are the prime factors of 861459?
3, 31, 59, 157
List the prime factors of 1408137.
3, 469379
What are the prime factors of 263282?
2, 131641
List the prime factors of 3079541.
1733, 1777
List the prime factors of 1976419.
1976419
What are the prime factors of 270813?
3, 90271
What are the prime factors of 861659?
861659
What are the prime factors of 534484?
2, 47, 2843
List the prime factors of 5115080.
2, 5, 127877
List the prime factors of 12535.
5, 23, 109
What are the prime factors of 20610027?
3, 2290003
What are the prime factors of 10334570?
2, 5, 1033457
List the prime factors of 30232251.
3, 7, 103, 1553
What are the prime factors of 105432?
2, 3, 23, 191
List the prime factors of 2538635.
5, 11, 101, 457
List the prime factors of 889800.
2, 3, 5, 1483
List the prime factors of 8738771.
37, 257, 919
List the prime factors of 517296.
2, 3, 13, 829
List the prime factors of 11091846.
2, 3, 1848641
What are the prime factors of 266968?
2, 13, 17, 151
What are the prime factors of 502103?
7, 10247
List the prime factors of 962158.
2, 139, 3461
List the prime factors of 665650.
2, 5, 13313
What are the prime factors of 1208226?
2, 3, 79, 2549
What are the prime factors of 5141237?
5141237
What are the prime factors of 486746?
2, 13, 97, 193
What are the prime factors of 23345459?
1459, 16001
What are the prime factors of 1911447?
3, 212383
List the prime factors of 135220.
2, 5, 6761
List the prime factors of 30680218.
2, 41, 374149
List the prime factors of 770945.
5, 7, 22027
List the prime factors of 269810.
2, 5, 26981
List the prime factors of 1090133.
11, 99103
List the prime factors of 65954.
2, 7, 673
What are the prime factors of 384123?
3, 19, 23, 293
List the prime factors of 390337.
17, 22961
What are the prime factors of 76091?
76091
What are the prime factors of 1909197?
3, 31, 2281
What are the prime factors of 4507998?
2, 3, 11, 167, 409
List the prime factors of 139747.
139747
List the prime factors of 367722.
2, 3, 31, 659
What are the prime factors of 2249919?
3, 7, 71, 503
List the prime factors of 255735.
3, 5, 5683
What are the prime factors of 1557109?
1557109
What are the prime factors of 572025?
3, 5, 29, 263
List the prime factors of 499822.
2, 249911
List the prime factors of 846564.
2, 3, 19, 47, 79
List the prime factors of 2729785.
5, 419, 1303
What are the prime factors of 755767?
755767
List the prime factors of 192966.
2, 3, 29, 1109
List the prime factors of 1151894.
2, 19, 30313
List the prime factors of 745717.
7, 106531
What are the prime factors of 32194331?
13, 197, 967
List the prime factors of 780479.
7, 111497
List the prime factors of 2940602.
2, 7, 41, 47, 109
What are the prime factors of 177217?
177217
What are the prime factors of 962771?
29, 33199
What are the prime factors of 80303?
131, 613
What are the prime factors of 4226839?
4226839
List the prime factors of 8117064.
2, 3, 37579
List the prime factors of 137895.
3, 5, 29, 317
What are the prime factors of 722416?
2, 163, 277
List the prime factors of 183055.
5, 31, 1181
List the prime factors of 227821.
11, 139, 149
What are the prime factors of 357367?
29, 12323
List the prime factors of 9722054.
2, 23, 211349
What are the prime factors of 25780?
2, 5, 1289
What are the prime factors of 94325?
5, 7, 11
What are the prime factors of 205017?
3, 